
8
What is the value of -1 - (-1 - 7 - -13)?
-6
(-3 - -1) + 6 + -6
-2
What is the value of 0 - (8 - (2 + 2))?
-4
Calculate 3 + -1 + (-15 - -9) - -5.
1
What is (7 - -2) + 8 + -25?
-8
-1 - (5 + -5) - 0 - 7
-8
What is the value of -2 + (-6 + 14 - 1)?
5
Calculate 5 - (10 - (2 - 1)).
-4
Evaluate 5 - (-26 - -29 - (-2 - 1)).
-1
Calculate (-12 - (-10 - -5)) + 3.
-4
-2 - -6 - (13 - 4)
-5
What is the value of 1 + (2 - 0) + -5?
-2
Evaluate -1 - (-1 - 2) - (203 - 202).
1
Calculate (-1 - (2 - 3)) + -5.
-5
Evaluate (5 - 0) + (-2 - (3 + -1)).
1
5 - -2 - (-5 + 3 - -6)
3
What is the value of 0 + 1 + 12 + -15?
-2
Evaluate -4 + 2 + (4 - 0 - -6).
8
3 + (-4 - (0 - 3 - 1))
3
(2 - 5) + 11 + -5
3
-1 - (13 - (8 - 3))
-9
Evaluate 2 + (0 - -1) - (-4 - -7).
0
What is -36 - -35 - (1 - 4)?
2
Evaluate (4 - 4 - -4) + -1 + 1.
4
Evaluate -7 - -3 - ((6 - 14) + 7).
-3
What is 3 - ((6 - 12) + (3 - -3))?
3
Evaluate (11 - 10 - (3 + -1)) + -1.
-2
What is the value of (1 - (-1 - -12)) + -128 + 129?
-9
Evaluate (1 + 0 - 3) + (1 - 0).
-1
Calculate (-1 - -6) + 8 + -19 + 2.
-4
What is the value of -1 + -3 + 1 + 7?
4
What is the value of -87 + 75 - ((1 - 2) + -7)?
-4
What is (6 + -11 - (1 - 1)) + 6?
1
Calculate -19 + 11 - -14 - -2.
8
What is (8 - 1) + -4 + (5 - 2)?
6
What is the value of 1 + -4 - (-20 - -5 - -10)?
2
Evaluate -3 + (-1 - (-3 - -7)).
-8
Calculate (0 - -2 - 5) + 3 + 1.
1
Calculate 0 + -1 - (9 + -13).
3
What is the value of (8 - 4 - 8) + 9?
5
What is the value of 1 + 6 + -3 + 1 - 13?
-8
Calculate 3 + (-3 - -4 - 0).
4
Calculate -5 - -6 - 5 - -6.
2
What is -2 + 5 - (-10 + 5)?
8
What is the value of -2 + -5 + 7 - -7?
7
Evaluate (-18 - -15) + 5 - (3 + -2).
1
-5 - (10 + 8 + -21)
-2
What is the value of 128 + -127 + 0 + -2?
-1
What is 0 + (3 - 0 - -2)?
5
What is the value of 3 - (10 - 5) - -3?
1
Evaluate -9 - (-3 + -1 - 0).
-5
Calculate -8 - (-10 + (2 - 6) + 7).
-1
Calculate 5 - (-1 + 1 + 1).
4
What is the value of (-18 - -13) + 3 + -2?
-4
What is 2 + (-7 - 0) + -1?
-6
-2 + 1 + (-4 + -3 - 0)
-8
Calculate 2 + 0 + -9 + (18 - 6).
5
What is 4 + (7 - (5 - (6 - 7)))?
5
Evaluate -15 - (-10 + 8 + -8).
-5
(-13 - -9) + 1 + 0
-3
What is the value of (1 - 0) + (22 - 16)?
7
Evaluate -2 + (-3 - -3) - -5.
3
What is (17 + -22 - (-2 - 5)) + 1?
3
What is the value of -2 - -4 - (-3 - (-1 - 3))?
1
Evaluate 3 + 1 + (-27 - -13).
-10
What is -2 + (28 + -34 - (-1 + -1))?
-6
What is 5 + (-3 - -2) - 4 - 3?
-3
(7 - 14) + 0 + -1 + 4
-4
-3 - (-2 + -3 + -1 + 1)
2
Evaluate -1 - (-13 + 8) - (5 - -1).
-2
What is the value of 2 - (-6 + 4 - 6) - 3?
7
Calculate -2 + 10 - (8 - 1).
1
What is (7 - -3 - 3) + -10?
-3
What is the value of 5 + 0 + 4 + -4?
5
5 - 7 - (-3 + 3 - 2)
0
-1 - (2 + -4 + 1)
0
Evaluate 4 + -13 + 5 + 9.
5
Evaluate 3 + (-7 - -10) + -2.
4
Calculate -3 - -13 - 6 - (9 - 1).
-4
Evaluate -2 - 1 - 2 - -2.
-3
What is 18 - (-1 + (-4 - -14))?
9
Calculate 18 + (-13 + 11 - 7).
9
Evaluate (8 - 12) + (1 - 1) - -12.
8
Evaluate 6 + (4 - 4) - 4.
2
-5 + (-3 - -15) - -2
9
What is (3 - (2 + -3 + -1)) + -9?
-4
-4 + (5 - 1) + 0
0
What is the value of 4 + 1 - (1 - (-2 + 1))?
3
What is 5 + (-6 + -4 - (0 + -5))?
0
Evaluate -15 + 24 - (3 + 1 - -1).
4
1 - (-2 + -1 + (-10 - -11))
3
What is the value of 1 + -3 + 0 + 7 + -8?
-3
(-15 - -5) + 5 - -2
-3
Evaluate -3 + (-1 - -2) + 2 - -4.
4
What is the value of -2 + (-2 - ((2 - 5) + 1))?
-2
What is -1 - (-1 - (-8 + 3))?
-5
What is the value of 4 + (-6 + 4 + 1 - -2)?
5
Calculate 0 + -12 + 5 + 3.
-4
Calculate -4 + -1 + 7 + -6 - 6.
-10
Calculate 8 + (-12 - -1) + (3 - 1).
-1
10 + (8 - 26) + 9
1
What is the value of 8 - (-3 + 7 + -2)?
6
What is the value of 2 + -5 + 7 + -4?
0
Calculate 5 + (6 - 7) + (-1 - -1).
4
Calculate 18 + -3 - (-9 - -25).
-1
(-9 + 13 - 8) + (-4 - -1)
-7
What is the value of 13 + (6 - 13) + 1?
7
-3 - (-1 + (5 - -12 - 8))
-11
1 + (3 - 9 - (0 + 0))
-5
1 - (-1 - -4 - 4)
2
What is (-2 - -1) + 9 + -7?
1
Calculate 19 + -15 + (-7 - -2).
-1
-9 + (-7 - -20) - 1
3
11 + -17 + (5 - 5 - -3)
-3
Evaluate 2 - (-4 - (-1 + -3)).
2
What is 1 - (0 - (-4 + 7 - 1))?
3
(27 - 13) + -14 - -4
4
What is the value of 2 - (4 - (3 + -6))?
-5
What is 3 + -11 + -18 + 24?
-2
What is (-1 - -3) + (-1 - -5) + -9?
-3
What is -9 - ((-10 - -5) + -10)?
6
What is -1 - -1 - (6 - (-6 - -8))?
-4
What is the value of 1 - (6 - 1) - (50 - 55)?
1
Calculate -14 + (8 - (-1 + 11)) + 7.
-9
What is the value of (1 - 5) + 6 - (-1 + 1)?
2
What is the value of -1 - ((8 - 6) + 2)?
-5
What is 1 + -1 - (11 + -13)?
2
Calculate -2 - 1 - (-4 + 0 + 1).
0
What is the value of -1 - (2 + -7 + -1)?
5
Evaluate 5 + (5 - 4) + 1 + -10.
-3
What is the value of (4 - (-5 - -7)) + -8?
-6
What is 4 + (8 + -6 - 9) - 4?
-7
What is the value of 2 + -1 + (1 + -5 - -4)?
1
Evaluate 4 + -23 + 4 + 9.
-6
Calculate 2 - (2 + -5) - 2.
3
What is (4 - -1) + 25 + -32?
-2
-7 + 3 + (-7 - -9)
-2
0 - (1 - 4) - 1 - 2
0
Evaluate -7 + (11 - 10) - (-3 + 0).
-3
(1 - 2) + -1 + (2 - 0)
0
Evaluate 25 + -27 + (-3 - 4).
-9
Evaluate 1 + 3 - (-4 - (-3 + -2)).
3
What is -3 + (-3 - -4 - (0 - -2))?
-4
Calculate 41 + -33 + 2 + -2.
8
What is (20 - 23) + (-2 - 1 - -1)?
-5
Evaluate -4 + 1 + -5 + 11 - -3.
6
-4 + (41 + -46 - (-15 + 0))
6
Evaluate 1 + (2 - 0) - -2 - 6.
-1
Evaluate 5 + -12 + (5 - -1).
-1
Calculate 6 + (7 - 5) + -8.
0
What is the value of 3 + (-3 - -5) + -6?
-1
Evaluate (4 - -1) + (12 - 31 - -11).
-3
Calculate (0 - -1) + (24 - 26) + 5.
4
What is -8 + 0 - (-40 + 34)?
-2
What is the value of -10 + 9 + 10 - 10?
-1
What is the value of -4 - (-2 - -2 - 6) - -1?
3
-2 + 1 - (2 - (3 + -3))
-3
Evaluate 5 + -3 + (4 - 12 - 0).
-6
Evaluate 0 + 2 + -3 + 0.
-1
4 - 2 - 5 - (77 - 75)
-5
What is the value of (-6 - 0) + (8 + 0 - -3)?
5
Calculate 6 + (3 + 2 - 4).
7
-3 + (7 - 6) - -7
5
What is 4 - ((10 - 1) + -12)?
7
What is -1 - ((1 - 2) + 5)?
-5
What is 7 + 0 + (1 + 0 - 3)?
5
What is -3 + 4 + -2 + -3 + 9?
5
What is the value of (0 - 6) + (-8 - -15)?
1
Calculate 6 - 10 - (-10 - -13).
-7
Evaluate (-4 + 4 - 2) + -1 + -3.
-6
8 - (-4 - -9) - 7
-4
0 + 2 + (0 - 2) + 2
2
2 + (3 - (-1 + 4) - -2)
4
Calculate -1 + -4 + 0 + 3 + -3.
-5
What is the value of 2 + 2 + -1 + (-6 - 0)?
-3
2 + (0 - (-1 + (4 - 1)))
0
-1 + (1 - 0) - (0 - -1)
-1
What is -4 - (-3 - -3) - -3 - 7?
-8
What is the value of (18 + -15 - (4 - 0)) + -2?
-3
-2 + -9 + (17 - 13) + 2
-5
What is the value of -6 + 3 + 13 + -18?
-8
2 - -3 - (-11 - -15)
1
Calculate 27 + -25 + (1 - (1 - -8)).
-6
What is -8 + 8 + 7 - 1 - 9?
-3
What is -8 + 7 + -1 + 1 - -1?
0
What is the value of 3 + (0 - (-2 - 0))?
5
What is (-1 - 4) + 8 - 12?
-9
What is the value of (-18 - (4 + -7 - -1)) + 6?
-10
Evaluate (2 - (-4 + 1) - 0) + -2.
3
1 + 0 + (-23 + 9 - -12)
-1
What is (3 - (-5 - -10)) + -2?
-4
Evaluate 12 + (-5 - 3) + 2.
6
What is the value of (-106 - -96) + (-2 - (-7 - -1))?
-6
What is 4 - (-5 - (-19 - -3)) - -3?
-4
What is the value of -9 + 6 - (2 + -3 + -2)?
0
What is the value of -4 + -7 + 10 + -2?
-3
What is the value of 0 + (-1 - -1) - -9 - 2?
7
3 + -12 + 10 + -3
-2
Evaluate 10 + 2 + 0 - (-3 + 9).
6
What is 1 - (2 + 0) - (-4 - 0)?
3
Evaluate 1 + 0 + 45 + -51.
-5
Calculate 16 + -22 + (0 - -1).
-5
-2 + 6 + -5 + 7 - 3
3
Evaluate -2 - (3 - 5 - 4).
4
What is 0 - ((1 - 1) + -3 + 4)?
-1
Calculate 0 - (0 - 1 - -2).
-1
What is 4 + -13 + 6 + 0?
-3
Evaluate (-84 - -84) + (-1 + 0 - 2).
-3
-5 + 10 + -1 + (12 - 8)
8
What is (-7 - (-17 + 3)) + -6 + 2?
3
What is 1 - (2 + -1 + -12 + 9)?
3
Calculate -25 + 32 + -1 + -14.
-8
8 - 4 - (5 + -8 + 3)
4
Evaluate 2 - (-2 + 16 + -4) - -3.
-5
Calculate 4 - (6 + -3 + -5 - -6).
0
Evaluate -3 - -6 - (3 + 1) - -2.
1
(-33 - -17) + 18 - (1 + 0)
1
Evaluate (-2 - -3 - -4) + -21 + 22.
6
What is 28 + -29 - (2 - (0 - -4))?
1
What is the value of (-1 - 1 - -4) + 3?
5
What is -5 + 6 - 1 - 1?
-1
Calculate (-30 - -15) + 23 + 4 + -1.
11
What is the value of 2 - 5 - -3 - 2?
-2
1 + -2 - (71 + -70)
-2
What is the value of -1 - 3 - (0 + 0)?
-4
Calculate (-14 + 9 - 4) + 7.
-2
Evaluate (-1 - (-5 + -1)) + (-5 - -2).
2
Calculate 0 + -1 + -5 - 0.
-6
18 - 19 - (1 + -3)
1
(-2 + -3 - -7) + -8 - 0
-6
((5 - 5) + 5 - 2) + 3
6
4 + (2 - 3) - (-6 - -4)
5
Evaluate (9 - 3) + 0 + -4 - 0.
2
Evaluate -3 + -3 - (-8 - -7).
-5
What is the value of (2 - (-1 + -1)) + 0 - 6?
-2
Evaluate 3 - (3 - -5) - (18 - 28).
5
Evaluate 4 + 4 - (-8 - -21 - 10).
5
Evaluate -3 + 1 + 3 - (-4 + 